nder when 2*(74/555 + 13582/60) is divided by 153?
147
Suppose 226 = 10*d - 154. What is the remainder when d is divided by 2?
0
Let f = 68 - 1700. What is the remainder when f/(-54) - (0 + (-2)/(-9)) is divided by 13?
4
Let t = 1204 + -487. What is the remainder when t is divided by 18?
15
What is the remainder when ((-32)/18 - 18/81) + 151 is divided by 39?
32
Let n be 2*(4 - 0) - 4. Suppose 4*k - 269 = -x, 0 = -x - n*x + 5. Calculate the remainder when k is divided by 102/(-9)*6/(-4).
16
Let l(o) = o**2 + 10*o - 23. Let p be l(-17). Suppose w + 3*w = -3*b + p, 5*w = b + 101. Calculate the remainder when w is divided by 9.
3
Suppose g = -0*g - 27. Let p = 35 + g. Suppose 0 = -4*q + 2*b + p + 8, -5*q + 22 = -2*b. What is the remainder when 17 is divided by q?
5
Let s = -844 + 855. What is the remainder when s is divided by -2*6/(-4) - -1?
3
Let q(w) = -3*w - 25. Let k be q(-9). What is the remainder when 4435/35 + k/7 is divided by 32?
31
Suppose z - 3*a - 35 = 2*a, 69 = 3*z + 3*a. Calculate the remainder when -90*(12/(-15) + 0) is divided by z.
22
Suppose 125*p - 116*p = 450. Calculate the remainder when 549 is divided by p.
49
Suppose 4*w + 4 = 0, -4*g - 2*w + 8 = g. Suppose -130 = -g*r + 82. Suppose -5*z - 26 = -r. What is the remainder when 29 is divided by z?
13
Suppose -721 + 3231 = 10*o. What is the remainder when o is divided by 65?
56
Let d = 298 + -257. What is the remainder when d is divided by 12?
5
Let w = 3011 - 2976. Suppose 1 = -0*k - k. Calculate the remainder when w is divided by 20 - (3 + (-2 - k)).
17
Suppose t - 5 + 4 = 0. Let k(j) = 35*j + 2. Suppose -4*n + 5*d + 30 = 0, 5*d - 26 - 24 = -4*n. Calculate the remainder when k(t) is divided by n.
7
Suppose -592*q = -600*q + 1696. What is the remainder when q is divided by 55?
47
Suppose 7*f = -2 + 415. Let v(y) = 14*y - 16. Calculate the remainder when f is divided by v(2).
11
Suppose 4*y - 5*g = -292, -450 = 5*y + 3*g - 48. Let f = y + 87. What is the remainder when 24 is divided by f?
6
Let h(w) = -w. Let k(c) = 5*c + 7. Let g(t) = 6*h(t) + k(t). Calculate the remainder when 24 is divided by g(0).
3
Let d(r) = -45*r - 1149. Calculate the remainder when 1531 is divided by d(-26).
19
What is the remainder when (-1 - -5) + (6 - -27 - 3) is divided by 23?
11
Let q = 72 + -43. Let y = q + -21. What is the remainder when 13 is divided by y?
5
Let d be ((-24)/16)/((-2)/(-28)). Let t = -32 - 10. Let h = d - t. Calculate the remainder when 61 is divided by h.
19
Suppose -3*h - 19*c + 196 = -23*c, 0 = 3*h - 3*c - 201. Calculate the remainder when h is divided by 11.
6
Suppose 4*x - 19 = 3*j, -3*x + x = j - 17. Suppose -3*t + 22 = -n, 0*t - 3*t = -4*n - 34. Suppose 4*s = t*s - 26. What is the remainder when s is divided by x?
6
Let d = 991 + -110. Calculate the remainder when d is divided by 68.
65
Let n = -53 + 73. Suppose p - 5 - 2 = -g, n = 5*g + 2*p. Calculate the remainder when 23 is divided by g.
1
Suppose -5*x = -3*w + 626, 0 = 4*w - 2*w - 4*x - 414. Suppose 5*o - g = -0*g + w, -o + 50 = 2*g. Calculate the remainder when o is divided by -2 - 75/(-3 + 0).
21
Suppose f - 114 = -82. Suppose -4*v + 68 = u, v + 0*v + 4*u = f. Calculate the remainder when 47 is divided by v.
15
Let u be 1 - (1 + (-6)/2). Calculate the remainder when 24 is divided by (140/(-15))/((-2)/u).
10
Let f(j) = -j**3 + 8*j**2 - 5*j - 12. Let i(g) = g**3 + 18*g**2 + 17*g + 7. Let o be i(-17). What is the remainder when 7 is divided by f(o)?
1
Suppose -4*x - 2*x = -72. Suppose 4*c + 2*n = 180, -3*c = -7*c + 5*n + 208. What is the remainder when c is divided by x?
11
Suppose -55 = -2*c - 3*b + 101, -4*c - 3*b + 306 = 0. Calculate the remainder when c is divided by ((-2)/6)/((-1)/57).
18
Suppose -8*r + 315 = 37*r. Let y = 52 - 18. What is the remainder when y is divided by r?
6
Suppose 10 = 3*d + 10. Suppose 0 = -d*q + 9*q - 108. Calculate the remainder when 18 is divided by q.
6
Let v = 24 - 23. Let o be v + -1 + 5 + -3. Suppose -i = -2*m - 5, 7*i - 4*i - 15 = o*m. What is the remainder when 9 is divided by i?
4
Suppose 2 + 6 = d. Let k be 16/(-56) + 1077/21. Let p = 72 - k. Calculate the remainder when p is divided by d.
5
What is the remainder when 257 is divided by (4 - -26) + 4/(-1)?
23
Suppose 231 = 158*o - 155*o. What is the remainder when 383 is divided by o?
75
Suppose c - 1 = 0, -23*y = -26*y + 3*c + 315. Calculate the remainder when y is divided by 49.
8
Let g be 8/2 + 1 + -5. Suppose 3*j - 137 + 38 = g. Let s(b) = 6*b - 1. What is the remainder when j is divided by s(3)?
16
Suppose -2*z + 100 = -x - 3*x, 5*z - 2*x - 266 = 0. What is the remainder when z is divided by 5?
4
Suppose 0 = 9*z + 10*z - 380. Calculate the remainder when 57 is divided by z.
17
Let j(m) = 29*m**3 - 1. Let r = 261 + -246. What is the remainder when j(1) is divided by r?
13
Calculate the remainder when (-6)/(-3) + 303 + -26 is divided by 77.
48
Suppose -5*c + 32 = 12. Suppose 15 = -2*r + 7*r, c*r - 57 = -5*j. What is the remainder when 11 is divided by j?
2
Let p be 4 + 40/((-4)/4). Let a = p + 38. Calculate the remainder when 9/(0 + 3) + -1 is divided by a.
0
Let k(x) = -x - 23. Let v be k(-27). Suppose 0 = 5*j - 32 + 7. Suppose -110 = -v*s + 2*q, -s + 75 = 3*s + j*q. Calculate the remainder when 72 is divided by s.
22
Let r be (-8)/12*(4 - 1). Let j be r/(-10) + 84/(-20). Calculate the remainder when 30 is divided by (0/2)/j - -11.
8
Let k(o) = -18*o. Let j be k(-1). Suppose j = h + 4. What is the remainder when 15 is divided by h?
1
Suppose 4940 = 96*w - 20*w. What is the remainder when 1168 is divided by w?
63
Let m = 4 + -1. Suppose -m*h - 5 = -38. Calculate the remainder when (7 - 10)/(1/(-7)) is divided by h.
10
Let l(n) be the second derivative of -n**5/20 + n**4/6 - n**2/2 + 6*n. Let g be l(-1). Suppose 28 = -0*f + g*f. Calculate the remainder when 40 is divided by f.
12
Let y = -1048 + 1057. Let w = 40 + -6. Calculate the remainder when w is divided by y.
7
Let n(g) = 8*g + 34. What is the remainder when 76 is divided by n(-3)?
6
Let w(u) = 4*u**2 - 14*u. What is the remainder when w(5) is divided by 26?
4
Let q = 1276 - 882. What is the remainder when q is divided by 50?
44
Let w(d) = 2*d**2 - 7*d + 10. Let s(x) = -x + 16. Calculate the remainder when w(5) is divided by s(5).
3
Let z(s) = s**3 - 9*s**2 - 3*s + 15. Let n be z(10). Let i = n - 53. Let d = i - -1. Calculate the remainder when d is divided by 7.
5
Let x = 428 - 391. Calculate the remainder when 142 is divided by x.
31
Calculate the remainder when ((-105)/35)/((-1)/23) is divided by 6.
3
Suppose -2*k - 68 = -2*x + 26, 2*k - 38 = -x. Calculate the remainder when 2815 is divided by x.
43
Suppose 9*f + 54 = 270. What is the remainder when 88 is divided by f?
16
Suppose -204 = -2*l - 10*l. What is the remainder when 80 is divided by l?
12
Let t = 248 - 232. What is the remainder when 47 is divided by t?
15
Calculate the remainder when ((-6)/24 - 0)/(4/(-608)) is divided by 23.
15
Suppose 18*q - q = 1173. What is the remainder when q is divided by 9?
6
Let j = -4 - -5. Calculate the remainder when 70 is divided by 24*(3 + j + -3).
22
Suppose w = -2*c + 3*w + 12, -w = 0. Calculate the remainder when c/5*(18/1 + 7) is divided by 7.
2
Suppose 430 + 362 = 3*z. Calculate the remainder when z is divided by 14.
12
Let h = -62 - -103. What is the remainder when (-1 - (-9)/6) + 1127/14 is divided by h?
40
Let o = -573 + 653. Calculate the remainder when o is divided by 35.
10
Suppose g - 68 = 23. Suppose -191 = -4*h + 3*b, 45 - 42 = -3*b. What is the remainder when g is divided by h?
44
Let q be (0 - -2)*(-30)/(-3). Suppose 0 = 4*p + q, 0 = 3*f + 4*p - 1 - 0. Suppose f*k - 45 = 2*k. What is the remainder when 44 is divided by k?
8
Let s = -4 + -2. Suppose 2*w + 646 = 196. Calculate the remainder when (-24)/(-10)*w/s is divided by 23.
21
Let y = 475 - 166. Let g = y + -189. Calculate the remainder when g is divided by 31.
27
Let o be 34 + (3 + -2)/1. Let z be 2 - (-3)/(-6)*4. Suppose 2*c = -3*x + 130, z*x - x + c = -o. Calculate the remainder when 159 is divided by x.
39
Suppose 0 = 6*v - 52 - 68. Let z = 5 + 73. What is the remainder when z is divided by v?
18
Suppose -q - 70 = -3*f, 0*f - 44 = -2*f + 2*q. What is the remainder when (3 - 0)*-47*7/(-21) is divided b